{"id":25,"date":"2019-03-02T01:31:20","date_gmt":"2019-03-02T01:31:20","guid":{"rendered":"https:\/\/chungui.info\/mayunmarka\/actividades\/"},"modified":"2019-03-02T01:31:20","modified_gmt":"2019-03-02T01:31:20","slug":"actividades","status":"publish","type":"page","link":"https:\/\/chungui.info\/mayunmarka\/actividades\/","title":{"rendered":"Proyectos"},"content":{"rendered":"<h3><\/h3>\n<h3>Fortalecimiento de capacidades comerciales de Moyabamba<\/h3>\n<p>Es un proyecto de voluntariado para apoyar a los productores de Moyabamba y Chinchibamba para mejorar la venta de sus productos, principalmente el caf\u00e9, en los mercados nacionales e internacionales.<\/p>\n<p><a href=\"\/proyectos\/moyabamba\" class=\"art-button\">Leer m\u00e1s<\/a><\/p>\n<h3>Operaci\u00f3n Juguete 2014<\/h3>\n<p>Es una campa\u00f1a de recolecci\u00f3n de juguetes para llevar a los ni\u00f1os de los anexos de Huecc-hues y Espinco por motivo de la Navidad 2014, gracias a la colaboraci\u00f3n de las Boticas Q.F.<\/p>\n<p><a href=\"\/proyectos\/navidad-2014\" class=\"art-button\">Leer m\u00e1s<\/a><\/p>\n<h3>Turismo de aventura<\/h3>\n<p>Organizaci\u00f3n de trecking de prueba con profesionales de turismo por rutas que incluyen caminos del Inca.<\/p>\n<h3>Soporte de voluntariado<\/h3>\n<p>Consiste en realizar convenios con organizaciones nacionales e internacionales que brindan voluntarios para apoyar proyectos espec\u00edficos en beneficio de las poblaciones vulnerables del distrito de Chungui.<\/p>\n<h3>Sonrisas para Mayunmarka<\/h3>\n<p>Campa\u00f1a para recolectar fondos con la finalidad de realizar una profilaxis dental y colocar pr\u00f3tesis dentales a los pobladores de menos recursos del distrito de Chungui.<\/p>\n<h2><\/h2>\n<h2><\/h2>\n<p><\/p>\n<p><\/p>\n<p><\/p>\n<p><\/p>\n<p><\/p><\/p>\n","protected":false},"excerpt":{"rendered":"<p>Fortalecimiento de capacidades comerciales de Moyabamba Es un proyecto de voluntariado para apoyar a los productores de Moyabamba y Chinchibamba para mejorar la venta de sus productos, principalmente el caf\u00e9, en los mercados nacionales e internacionales. Leer m\u00e1s Operaci\u00f3n Juguete 2014 Es una campa\u00f1a de recolecci\u00f3n de juguetes para llevar a los ni\u00f1os de los [&hellip;]<\/p>\n","protected":false},"author":1,"featured_media":0,"parent":0,"menu_order":5,"comment_status":"closed","ping_status":"closed","template":"","meta":[],"_links":{"self":[{"href":"https:\/\/chungui.info\/mayunmarka\/wp-json\/wp\/v2\/pages\/25"}],"collection":[{"href":"https:\/\/chungui.info\/mayunmarka\/wp-json\/wp\/v2\/pages"}],"about":[{"href":"https:\/\/chungui.info\/mayunmarka\/wp-json\/wp\/v2\/types\/page"}],"author":[{"embeddable":true,"href":"https:\/\/chungui.info\/mayunmarka\/wp-json\/wp\/v2\/users\/1"}],"replies":[{"embeddable":true,"href":"https:\/\/chungui.info\/mayunmarka\/wp-json\/wp\/v2\/comments?post=25"}],"version-history":[{"count":0,"href":"https:\/\/chungui.info\/mayunmarka\/wp-json\/wp\/v2\/pages\/25\/revisions"}],"wp:attachment":[{"href":"https:\/\/chungui.info\/mayunmarka\/wp-json\/wp\/v2\/media?parent=25"}],"curies":[{"name":"wp","href":"https:\/\/api.w.org\/{rel}","templated":true}]}}