{"id":38,"date":"2020-02-17T00:47:05","date_gmt":"2020-02-17T00:47:05","guid":{"rendered":"https:\/\/chungui.info\/chungui\/turismo\/atractivos\/"},"modified":"2021-06-13T01:48:55","modified_gmt":"2021-06-13T01:48:55","slug":"atractivos","status":"publish","type":"page","link":"https:\/\/chungui.info\/chungui\/turismo\/atractivos\/","title":{"rendered":"Principales atractivos tur\u00edsticos"},"content":{"rendered":"<p>A continuaci\u00f3n se\u00f1alamos los principales atractivos tur\u00edsticos de Chungui y Oronccoy<\/p>\n<h3>Miradores y paisajes<\/h3>\n<p><strong>Mirador de Chilinga<\/strong>.- Se encuentra en la carretera a Chungui, pasando Ninabamba se empieza el ascenso por Tranca y Retama, antes de llegar al pueblo de Chilinga hay un hermoso mirador desde donde se puede contemplar todo el valle del Torobamba por el que recorre el r\u00edo del mismo nombre y con sus poblados Cansacaballo, Ninabamba, Patibamba y Miskibamba.<\/p>\n<div id=\"attachment_459\" style=\"width: 810px\" class=\"wp-caption aligncenter\"><a href=\"https:\/\/chungui.info\/chungui\/wp-content\/uploads\/2021\/04\/Mira_Chilinga.jpg\"><img aria-describedby=\"caption-attachment-459\" loading=\"lazy\" class=\"wp-image-459\" src=\"https:\/\/chungui.info\/chungui\/wp-content\/uploads\/2021\/04\/Mira_Chilinga-1024x684.jpg\" alt=\"\" width=\"800\" height=\"534\" srcset=\"https:\/\/chungui.info\/chungui\/wp-content\/uploads\/2021\/04\/Mira_Chilinga-1024x684.jpg 1024w, https:\/\/chungui.info\/chungui\/wp-content\/uploads\/2021\/04\/Mira_Chilinga-300x200.jpg 300w, https:\/\/chungui.info\/chungui\/wp-content\/uploads\/2021\/04\/Mira_Chilinga-768x513.jpg 768w, https:\/\/chungui.info\/chungui\/wp-content\/uploads\/2021\/04\/Mira_Chilinga.jpg 1200w\" sizes=\"(max-width: 800px) 100vw, 800px\" \/><\/a><p id=\"caption-attachment-459\" class=\"wp-caption-text\">Vista del valle de Torobamba desde el mirador de Chilinga (Foto: Moner Lizana)<\/p><\/div>\n<p><strong>Mirador de Qanchiqasa<\/strong>.- En el ascenso desde Sacharaccay a la cumbre de Qanchiqasa hay varios miradores desde el cual se puede apreciar el valle y los pueblos de Huallhua, Chacco, Sacharaqay y la zona de Chilcas en la otra vertiente del r\u00edo Torobamba.<\/p>\n<div id=\"attachment_461\" style=\"width: 810px\" class=\"wp-caption aligncenter\"><a href=\"https:\/\/chungui.info\/chungui\/wp-content\/uploads\/2021\/04\/Mira-Qanchiqasa.jpg\"><img aria-describedby=\"caption-attachment-461\" loading=\"lazy\" class=\"wp-image-461\" src=\"https:\/\/chungui.info\/chungui\/wp-content\/uploads\/2021\/04\/Mira-Qanchiqasa-1024x684.jpg\" alt=\"\" width=\"800\" height=\"534\" srcset=\"https:\/\/chungui.info\/chungui\/wp-content\/uploads\/2021\/04\/Mira-Qanchiqasa-1024x684.jpg 1024w, https:\/\/chungui.info\/chungui\/wp-content\/uploads\/2021\/04\/Mira-Qanchiqasa-300x200.jpg 300w, https:\/\/chungui.info\/chungui\/wp-content\/uploads\/2021\/04\/Mira-Qanchiqasa-768x513.jpg 768w, https:\/\/chungui.info\/chungui\/wp-content\/uploads\/2021\/04\/Mira-Qanchiqasa.jpg 1200w\" sizes=\"(max-width: 800px) 100vw, 800px\" \/><\/a><p id=\"caption-attachment-461\" class=\"wp-caption-text\">Vista panoramica desde el mirador de Qanchiqasa (Foto: Moner Lizana)<\/p><\/div>\n<p><strong>Mirador de Pacobamba<\/strong>.- Pasando Pacobamba se puede acceder a una hermosa vista de la carretera que baja hacia el r\u00edo Apurimac, San Antonio y Lechemayo, v\u00eda Chinquintirca; abajo se puede observar el pueblo de Huayllahura.<\/p>\n<div id=\"attachment_460\" style=\"width: 810px\" class=\"wp-caption aligncenter\"><a href=\"https:\/\/chungui.info\/chungui\/wp-content\/uploads\/2021\/04\/Mira_Pacobamba.jpg\"><img aria-describedby=\"caption-attachment-460\" loading=\"lazy\" class=\"wp-image-460\" src=\"https:\/\/chungui.info\/chungui\/wp-content\/uploads\/2021\/04\/Mira_Pacobamba-1024x768.jpg\" alt=\"\" width=\"800\" height=\"600\" srcset=\"https:\/\/chungui.info\/chungui\/wp-content\/uploads\/2021\/04\/Mira_Pacobamba-1024x768.jpg 1024w, https:\/\/chungui.info\/chungui\/wp-content\/uploads\/2021\/04\/Mira_Pacobamba-300x225.jpg 300w, https:\/\/chungui.info\/chungui\/wp-content\/uploads\/2021\/04\/Mira_Pacobamba-768x576.jpg 768w, https:\/\/chungui.info\/chungui\/wp-content\/uploads\/2021\/04\/Mira_Pacobamba.jpg 1200w\" sizes=\"(max-width: 800px) 100vw, 800px\" \/><\/a><p id=\"caption-attachment-460\" class=\"wp-caption-text\">Paisaje de la bajada de Huayllaura desde el mirador de Pacobamba (Foto: Moner Lizana)<\/p><\/div>\n<p><strong>Mirador de Huarccaccasa<\/strong>.- Es el abra que limita los distritos de Anco y Chungui, desde aqu\u00ed se puede observar la laguna y el pueblo de Huarcca, as\u00ed como un extremo de la laguna Pichiqucha al fondo.<\/p>\n<div id=\"attachment_467\" style=\"width: 810px\" class=\"wp-caption aligncenter\"><a href=\"https:\/\/chungui.info\/chungui\/wp-content\/uploads\/2021\/06\/Mira_Huarcca.jpg\"><img aria-describedby=\"caption-attachment-467\" loading=\"lazy\" class=\"wp-image-467\" src=\"https:\/\/chungui.info\/chungui\/wp-content\/uploads\/2021\/06\/Mira_Huarcca.jpg\" alt=\"Huarccaccasa\" width=\"800\" height=\"498\" srcset=\"https:\/\/chungui.info\/chungui\/wp-content\/uploads\/2021\/06\/Mira_Huarcca.jpg 1024w, https:\/\/chungui.info\/chungui\/wp-content\/uploads\/2021\/06\/Mira_Huarcca-300x187.jpg 300w, https:\/\/chungui.info\/chungui\/wp-content\/uploads\/2021\/06\/Mira_Huarcca-768x479.jpg 768w\" sizes=\"(max-width: 800px) 100vw, 800px\" \/><\/a><p id=\"caption-attachment-467\" class=\"wp-caption-text\">Vista panor\u00e1mica desde el mirador de Huarccaccasa, l\u00edmite de Anco y Chungui. Foto: Moner Lizana<\/p><\/div>\n<p><strong>Mirador de Qeullaccasa<\/strong>.- Desde el cual se puede observar la llanura de Rodiopampa y la entrada hacia la selva del r\u00edo Apurimac por Rumichaca. A 10 Minutos de la carretera se puede acceder a la vertiente del r\u00edo Pampas con una hermosa vista de las lagunas Muruqucha y Piyurayku.<\/p>\n<div id=\"attachment_468\" style=\"width: 810px\" class=\"wp-caption aligncenter\"><a href=\"https:\/\/chungui.info\/chungui\/wp-content\/uploads\/2021\/06\/Mira_Cceullaccasa.jpg\"><img aria-describedby=\"caption-attachment-468\" loading=\"lazy\" class=\"wp-image-468\" src=\"https:\/\/chungui.info\/chungui\/wp-content\/uploads\/2021\/06\/Mira_Cceullaccasa-1024x684.jpg\" alt=\"Rodiopampa\" width=\"800\" height=\"534\" srcset=\"https:\/\/chungui.info\/chungui\/wp-content\/uploads\/2021\/06\/Mira_Cceullaccasa-1024x684.jpg 1024w, https:\/\/chungui.info\/chungui\/wp-content\/uploads\/2021\/06\/Mira_Cceullaccasa-300x200.jpg 300w, https:\/\/chungui.info\/chungui\/wp-content\/uploads\/2021\/06\/Mira_Cceullaccasa-768x513.jpg 768w, https:\/\/chungui.info\/chungui\/wp-content\/uploads\/2021\/06\/Mira_Cceullaccasa-1536x1025.jpg 1536w, https:\/\/chungui.info\/chungui\/wp-content\/uploads\/2021\/06\/Mira_Cceullaccasa.jpg 1600w\" sizes=\"(max-width: 800px) 100vw, 800px\" \/><\/a><p id=\"caption-attachment-468\" class=\"wp-caption-text\">Vista panor\u00e1mica del ingreso a la selva de Chungui desde Cceullaccasa. Foto: Moner Lizana<\/p><\/div>\n<p><strong>Mirador del Pampas<\/strong>.- Continuando la carretera desde Chungui hacia Tantarpata hay varios lugares desde donde se puede obtener vistas espectaculares del r\u00edo Pampas, el valle de Ccanchi con su puente peatonal y el valle de Huiraccocha, as\u00ed como los acantilados de los pueblos de Apurimac que dan al r\u00edo Pampas.<\/p>\n<h3>Lagunas<\/h3>\n<p><strong>Lagunas en la ruta<\/strong>.- Hay varias lagunas partiendo desde Qanchiqucha, se encuentra detr\u00e1s de la cumbre de Qanchiqasa, no es visible desde la carretera. Punkiqucha, se encuentra en el pueblo de Punki. Huarccaqucha que se encuentra pasado en pueblo de Huarcca.<\/p>\n<p><strong>Piyuraycu y Muruqocha<\/strong>.- Visible desde el mirador de Qewllaqucha, son dos hermosas lagunas que se encuentran en la vertiente del r\u00edo Pampas.<\/p>\n<p><strong>Quchapampa<\/strong>.- Se encuentra en la parte superior del pueblo de Anccea, antes de llegar a Chungui.<\/p>\n<p><strong>Ranraqucha<\/strong>.- Se encuentra en la parte superior del pueblo de Chungui, es un lugar habitual de paseos porque est\u00e1 rodeado de vegetaci\u00f3n, bosques de piedras y abundan las aves silvestres.<\/p>\n<p><strong>Pampaqucha y Qayllaqucha<\/strong>.- Ubicado en la parte superior del pueblo de Churca, a 20 Km. pasando Chungui, son dos lagunas grandes, la primera de ellas es m\u00e1s accesible, Qayllaqucha se encuentra en la parte m\u00e1s alta.<\/p>\n<p><strong>Otras lagunas<\/strong>.- Existen otras muchas lagunas en toda la zona de Anco, Chungui y Oronccoy, algunas casi inaccesibles y otras muy hermosas como la laguna Winchuqucha en las alturas de Pallccas.<\/p>\n<h3>Sitios arqueol\u00f3gicos<\/h3>\n<p>Entre Anco, Chungui y oronccoy hay muchos lugares con restos arqueol\u00f3gicos, ya sea de la \u00e9poca pre-inca o Inca.<\/p>\n<p><strong>Bombelo y Torrechayuq<\/strong>.- Se ubica en las alturas de la parte oeste del pueblo de Chungui, en la colina llamado Bombelo, hay restos de \u00e9poca pre-inca consistente en restos de construcciones circulares a base de piedra. En las bases rocosas de las cercan\u00edas se pueden observar todav\u00eda restos de algunas tumbas con restos humanos muy antiguos.<\/p>\n<p>En la parte alta, incluyendo la cumbre de la monta\u00f1a, existen m\u00e1s restos de construcciones antiguas, algunas en buen estado de conservaci\u00f3n.<\/p>\n<p><strong>Inca \u00d1an<\/strong>.-\u00a0 \u00a0Son restos de camino Inca que viene desde Pumachaka, el puente en el r\u00edo Apurimac que conecta con los antiguos pueblos Incas de Cusco, de la zona de Incahuasi y Vilcabamba. Lo m\u00e1s cerca de Chungui pasa por la base de Llaviqaqa, que es la monta\u00f1a que domina la parte norte de Chungui y al fondo de la laguna Ranraqucha. Se pueden observar tramos de un camino bastante ancho con muros de soporte en algunas parte y escalinatas en otros. El camino est\u00e1 en desuso desde hace mucho tiempo, algunos tramos has sido aprovechados como tierra de cultivo.<\/p>\n<p><strong>Intihuatana<\/strong>.- So restos Inca de un Ushno (edificio de culto), est\u00e1 ubicado en la cumbre de la monta\u00f1a del mismo nombre, entre los l\u00edmites de las comunidades de Sonccopa y Huecchues. Este centro ceremonial Inca se ubica tambi\u00e9n en la ruta del camino Inca que viene de Pumachaka y Chapi. Para visitar hay que disponer de un d\u00eda completo y ascender por senderos antiguos desde Churca o Qehuayllu, a unas media hora en carro desde Chungui.<\/p>\n<h3>Fiestas y costumbres<\/h3>\n ","protected":false},"excerpt":{"rendered":"<p>A continuaci\u00f3n se\u00f1alamos los principales atractivos tur\u00edsticos de Chungui y Oronccoy Miradores y paisajes Mirador de Chilinga.- Se encuentra en la carretera a Chungui, pasando Ninabamba se empieza el ascenso por Tranca y Retama, antes de llegar al pueblo de Chilinga hay un hermoso mirador desde donde se puede contemplar todo el valle del Torobamba [&hellip;]<\/p>\n","protected":false},"author":1,"featured_media":0,"parent":36,"menu_order":23,"comment_status":"closed","ping_status":"closed","template":"","meta":[],"_links":{"self":[{"href":"https:\/\/chungui.info\/chungui\/wp-json\/wp\/v2\/pages\/38"}],"collection":[{"href":"https:\/\/chungui.info\/chungui\/wp-json\/wp\/v2\/pages"}],"about":[{"href":"https:\/\/chungui.info\/chungui\/wp-json\/wp\/v2\/types\/page"}],"author":[{"embeddable":true,"href":"https:\/\/chungui.info\/chungui\/wp-json\/wp\/v2\/users\/1"}],"replies":[{"embeddable":true,"href":"https:\/\/chungui.info\/chungui\/wp-json\/wp\/v2\/comments?post=38"}],"version-history":[{"count":8,"href":"https:\/\/chungui.info\/chungui\/wp-json\/wp\/v2\/pages\/38\/revisions"}],"predecessor-version":[{"id":470,"href":"https:\/\/chungui.info\/chungui\/wp-json\/wp\/v2\/pages\/38\/revisions\/470"}],"up":[{"embeddable":true,"href":"https:\/\/chungui.info\/chungui\/wp-json\/wp\/v2\/pages\/36"}],"wp:attachment":[{"href":"https:\/\/chungui.info\/chungui\/wp-json\/wp\/v2\/media?parent=38"}],"curies":[{"name":"wp","href":"https:\/\/api.w.org\/{rel}","templated":true}]}}