{"id":33,"date":"2020-02-17T00:47:00","date_gmt":"2020-02-17T00:47:00","guid":{"rendered":"https:\/\/chungui.info\/chungui\/documentos\/libros\/"},"modified":"2022-07-18T03:39:54","modified_gmt":"2022-07-18T03:39:54","slug":"libros","status":"publish","type":"page","link":"https:\/\/chungui.info\/chungui\/documentos\/libros\/","title":{"rendered":"Libros relativos a Chungui"},"content":{"rendered":"<h3>Chungui &#8211; Historia, econom\u00eda y cultura viva<a href=\"https:\/\/chungui.info\/chungui\/documentos\/chungui-historia-cultura-viva\/\"><img loading=\"lazy\" class=\"alignright wp-image-243\" src=\"https:\/\/chungui.info\/chungui\/wp-content\/uploads\/2020\/04\/librochu02.gif\" alt=\"\" width=\"180\" height=\"239\" \/><\/a><\/h3>\n<p>Seferis ediciones, Amarte Per\u00fa, Municipalidad Distrital de Chungui, La Mar.<br \/>\nLima, Per\u00fa. Octubre 2009, 366 p\u00e1ginas.<br \/>\n<strong>Compilaci\u00f3n de Juan Jos\u00e9 Garc\u00eda Miranda<\/strong><\/p>\n<p><a href=\"https:\/\/chungui.info\/chungui\/documentos\/chungui-historia-cultura-viva\/\">Leer resumen del contenido<\/a><\/p>\n<p>Disponible en la principales librer\u00edas de Lima (pr\u00f3ximamente). Precios especiales para los Chunguinos, pueden hacer sus pedidos a los siguientes E-mails: amarteperu@yahoo.es o monerlizana@gmail.com, disponibles en Lima y Ayacucho.<\/p>\n<p>&nbsp;<\/p>\n<hr \/>\n<h3>Chungui. Violencia y trazos de memoria<a href=\"https:\/\/chungui.info\/chungui\/wp-content\/uploads\/2022\/07\/CHUNGUI-violencia-y-trazos-de-memoria.png\"><img loading=\"lazy\" class=\"alignright wp-image-507\" src=\"https:\/\/chungui.info\/chungui\/wp-content\/uploads\/2022\/07\/CHUNGUI-violencia-y-trazos-de-memoria-300x300.png\" alt=\"\" width=\"250\" height=\"249\" srcset=\"https:\/\/chungui.info\/chungui\/wp-content\/uploads\/2022\/07\/CHUNGUI-violencia-y-trazos-de-memoria-300x300.png 300w, https:\/\/chungui.info\/chungui\/wp-content\/uploads\/2022\/07\/CHUNGUI-violencia-y-trazos-de-memoria-150x150.png 150w, https:\/\/chungui.info\/chungui\/wp-content\/uploads\/2022\/07\/CHUNGUI-violencia-y-trazos-de-memoria.png 600w\" sizes=\"(max-width: 250px) 100vw, 250px\" \/><\/a><\/h3>\n<p>Instituto de Estudios Peruanos &#8211; COMISEDH, 2009<br \/>\n<strong>Autor: Edilberto Jim\u00e9nez Quispe<\/strong><\/p>\n<p>Esta segunda edici\u00f3n de\u00a0<em>Chungui: violencia y trazos de memoria<\/em>, es el resultado de la acogida que tuvo la primera\u00a0publicaci\u00f3n en el 2005, por ser uno de los trabajos pioneros\u00a0sobre memoria realizados despu\u00e9s de la entrega del Informe Final de la Comisi\u00f3n de la Verdad y Reconciliaci\u00f3n (CVR). \u00a0El distrito de Chungui (Ayacucho) fue una\u00a0de las comunidades m\u00e1s golpeadas por la violencia y con m\u00e1s atentados durante el periodo de\u00a01980 al 2000. \u00a0El libro se divide en cuatro cap\u00edtulos en los que el autor Edilberto Jim\u00e9nez analiza\u00a0 los testimonios de las v\u00edctimas de Chungui\u00a0y realiza una cronolog\u00eda de los atentados acaecidos en el mencionado distrito.<\/p>\n<p><a href=\"https:\/\/lum.cultura.pe\/cdi\/libro\/chungui-violencia-y-trazos-de-memoria-0\" target=\"_blank\" rel=\"noopener\">Versi\u00f3n digital en LUM &#8211; Centro de Documentaci\u00f3n e Investigaci\u00f3n.<\/a><\/p>\n<hr \/>\n<h3>La Patria del Alma<a href=\"https:\/\/chungui.info\/chungui\/wp-content\/uploads\/2022\/07\/Patria_del_alma.jpg\"><img loading=\"lazy\" class=\"alignright size-medium wp-image-511\" src=\"https:\/\/chungui.info\/chungui\/wp-content\/uploads\/2022\/07\/Patria_del_alma-198x300.jpg\" alt=\"\" width=\"198\" height=\"300\" srcset=\"https:\/\/chungui.info\/chungui\/wp-content\/uploads\/2022\/07\/Patria_del_alma-198x300.jpg 198w, https:\/\/chungui.info\/chungui\/wp-content\/uploads\/2022\/07\/Patria_del_alma.jpg 600w\" sizes=\"(max-width: 198px) 100vw, 198px\" \/><\/a><\/h3>\n<p><strong>Testimonio desde el pa\u00eds que habito y que me habita<\/strong><\/p>\n<p>Rios Profundos Editores<br \/>\n<strong>Autor: Mark Willems<\/strong><\/p>\n<p>\u201cLa Patria del Alma\u201d es la historia testimonial de Mark Willems y Lieve Delanoy, quienes llegaron al Per\u00fa en 1978, con la ilusi\u00f3n, igual al de muchos j\u00f3venes inconformes con la vida holgada europea, de buscar emociones, culturas y horizontes diferentes. Se instalan en un pueblito de Parinacochas llamado San Sebastian de Sacraca y se van introduciendo en el mundo de la vida andina con sus problemas, alegr\u00edas, satisfacciones, tristezas, dramas y tragedias. Chungui, especialmente Oreja de Perro, aparece una y otra vez en la historia de Mark, desde los aciagos a\u00f1os en la que el distrito de Chungui fue azotado cruelmente por la violencia pol\u00edtica.<\/p>\n<p>&nbsp;<\/p>\n<hr \/>\n<h3>Un lugar llamado Oreja de Perro<\/h3>\n<p>Editorial Anagrama<a href=\"https:\/\/chungui.info\/chungui\/wp-content\/uploads\/2022\/07\/orejadeperrothais.jpg\"><img loading=\"lazy\" class=\"alignright size-medium wp-image-513\" src=\"https:\/\/chungui.info\/chungui\/wp-content\/uploads\/2022\/07\/orejadeperrothais-191x300.jpg\" alt=\"\" width=\"191\" height=\"300\" srcset=\"https:\/\/chungui.info\/chungui\/wp-content\/uploads\/2022\/07\/orejadeperrothais-191x300.jpg 191w, https:\/\/chungui.info\/chungui\/wp-content\/uploads\/2022\/07\/orejadeperrothais.jpg 359w\" sizes=\"(max-width: 191px) 100vw, 191px\" \/><\/a><br \/>\n<strong>Autor: Ivan Thais<\/strong><\/p>\n<p>A fines de Noviembre del 2008 se dieron a conocer los resultado del Premio\u00a0Herralde de Novela, convocado por Editorial Anagrama de Espa\u00f1a, en la que qued\u00f3 como finalista la Novela \u00abUn lugar llamado Oreja de Perro\u00bb del escritor peruano Iv\u00e1n Tahys (presentado bajo el pseud\u00f3nimo de Suraki Rathan y el t\u00edtulo El hombre invisible).<\/p>\n<p>Dado la importancia del premio y la gran cobertura de los cr\u00edticos literarios muchos se preguntan si ese lugar es ficticio y el mismo Ivan Thays nos aclara que ese lugar existe y se llama Chungui, tal como explica en su\u00a0<a href=\"http:\/\/unlugarllamadoorejadeperro.blogspot.com\/2008\/11\/un-lugar-llamado-chungui_26.html\">blog especialmente dedicado al libro<\/a>:<\/p>\n<p><em>En un lugar llamado Oreja de Perro<\/em>, la historia es ficticia, un hombre intenta escribir una carta. Atr\u00e1s queda su historia familiar, la temprana muerte de su hijo Paulo, la ruptura de su matrimonio. Por delante, una intrincada ciudad andina, que fue destruida durante el terrorismo peruano en los a\u00f1os 80, ser\u00e1 usada como s\u00edmbolo de la pacificaci\u00f3n con el lanzamiento de un programa de asistencia social. El pa\u00eds exige recuperar la verdad y guardar memoria de los hechos tr\u00e1gicos para buscar una reconciliaci\u00f3n.<\/p>\n<hr \/>\n<h3>Ande dimenticate. Cronache di viaggio dalla Sierra peruviana<\/h3>\n<p>Editorial \u200f : \u200e\u00a0Alpine Studio (27 febrero 2020)<br \/>\n<strong>Autor: Manuel Santoro<\/strong><a href=\"https:\/\/chungui.info\/chungui\/wp-content\/uploads\/2022\/07\/Andedimenticate.jpg\"><img loading=\"lazy\" class=\"alignright size-medium wp-image-538\" src=\"https:\/\/chungui.info\/chungui\/wp-content\/uploads\/2022\/07\/Andedimenticate-217x300.jpg\" alt=\"\" width=\"217\" height=\"300\" srcset=\"https:\/\/chungui.info\/chungui\/wp-content\/uploads\/2022\/07\/Andedimenticate-217x300.jpg 217w, https:\/\/chungui.info\/chungui\/wp-content\/uploads\/2022\/07\/Andedimenticate.jpg 385w\" sizes=\"(max-width: 217px) 100vw, 217px\" \/><\/a><br \/>\nIdioma: Italiano<\/p>\n<p>Cr\u00f3nica de viaje a la sierra peruana, especialmente a Chungui, con remembranzas de la \u00e9poca de violencia.<\/p>\n<p>Terre aspre e a tratti inospitali, le Ande peruviane.<br \/>\nQuesto \u00e8 un viaggio che svela una storia che qui in Europa si conosce appena. Le montagne della Sierra, infatti, celano anni di sofferenze vissute in uno dei periodi pi\u00f9 bui della storia del Per\u00f9, gli anni di Sendero Luminoso, l\u2019organizzazione terroristica d\u2019ispirazione maoista che ha macchiato di sangue il paese fin dal 1970 e attiva ancora oggi. L\u2019autore ha creato un itinerario della memoria dove storie passate si incontrano con la voglia di sapere di pi\u00f9. Parte da Ayacucho, una vivace citt\u00e0 nel centro del Per\u00f9, e visita alcune comunit\u00e0 contadine in un viaggio a stretto contatto con le popolazioni locali, sicuro che accanto a tragici ricordi sopravvivano racconti e leggende tramandate<br \/>\ndi generazione in generazione. Passando dalla caotica Huancayo e dal villaggio rurale di San Jos\u00e9 de Quero, si sposta nella regione di Lima che custodisce un insediamento dove ancor oggi \u00e8 parlata una lingua di origine millenaria.<\/p>\n<p><a href=\"https:\/\/www.amazon.es\/dimenticate-Cronache-viaggio-peruviana-Orizzonti\/dp\/8899340986\">En venta en Amazon.com<\/a><\/p>\n<hr \/>\n<p>&nbsp;<\/p>\n ","protected":false},"excerpt":{"rendered":"<p>Chungui &#8211; Historia, econom\u00eda y cultura viva Seferis ediciones, Amarte Per\u00fa, Municipalidad Distrital de Chungui, La Mar. Lima, Per\u00fa. Octubre 2009, 366 p\u00e1ginas. Compilaci\u00f3n de Juan Jos\u00e9 Garc\u00eda Miranda Leer resumen del contenido Disponible en la principales librer\u00edas de Lima (pr\u00f3ximamente). Precios especiales para los Chunguinos, pueden hacer sus pedidos a los siguientes E-mails: amarteperu@yahoo.es [&hellip;]<\/p>\n","protected":false},"author":1,"featured_media":0,"parent":32,"menu_order":18,"comment_status":"closed","ping_status":"closed","template":"","meta":[],"_links":{"self":[{"href":"https:\/\/chungui.info\/chungui\/wp-json\/wp\/v2\/pages\/33"}],"collection":[{"href":"https:\/\/chungui.info\/chungui\/wp-json\/wp\/v2\/pages"}],"about":[{"href":"https:\/\/chungui.info\/chungui\/wp-json\/wp\/v2\/types\/page"}],"author":[{"embeddable":true,"href":"https:\/\/chungui.info\/chungui\/wp-json\/wp\/v2\/users\/1"}],"replies":[{"embeddable":true,"href":"https:\/\/chungui.info\/chungui\/wp-json\/wp\/v2\/comments?post=33"}],"version-history":[{"count":17,"href":"https:\/\/chungui.info\/chungui\/wp-json\/wp\/v2\/pages\/33\/revisions"}],"predecessor-version":[{"id":540,"href":"https:\/\/chungui.info\/chungui\/wp-json\/wp\/v2\/pages\/33\/revisions\/540"}],"up":[{"embeddable":true,"href":"https:\/\/chungui.info\/chungui\/wp-json\/wp\/v2\/pages\/32"}],"wp:attachment":[{"href":"https:\/\/chungui.info\/chungui\/wp-json\/wp\/v2\/media?parent=33"}],"curies":[{"name":"wp","href":"https:\/\/api.w.org\/{rel}","templated":true}]}}