{"id":249,"date":"2020-04-03T03:57:52","date_gmt":"2020-04-03T03:57:52","guid":{"rendered":"https:\/\/chungui.info\/chungui\/?page_id=249"},"modified":"2020-04-03T04:13:17","modified_gmt":"2020-04-03T04:13:17","slug":"chungui-historia-cultura-viva","status":"publish","type":"page","link":"https:\/\/chungui.info\/chungui\/documentos\/chungui-historia-cultura-viva\/","title":{"rendered":"Chungui historia economia cultura viva"},"content":{"rendered":"<h3>Chungui: Historia, econom\u00eda y cultura viva<\/h3>\n<p><em>Chungui: Historia, econom\u00eda y cultura viva. (2009).<\/em><br \/>\n<em>Seferis ediciones, Amarte Per\u00fa, Municipalidad Distrital de Chungui, La Mar, Lima, Per\u00fa. 366 pp.<\/em><br \/>\n<em>Compilaci\u00f3n de Juan Jos\u00e9 Garc\u00eda Miranda<\/em><\/p>\n<p>Es un libro compilado por Juan Jos\u00e9 Garc\u00eda Miranda bajo los auspicios de la Asociaci\u00f3n AMARTE Per\u00fa y la Municipalidad del distrito de Chungui, La Mar, Per\u00fa.<a href=\"https:\/\/chungui.info\/chungui\/wp-content\/uploads\/2020\/04\/librochu02.gif\"><img loading=\"lazy\" class=\"alignright size-full wp-image-243\" src=\"https:\/\/chungui.info\/chungui\/wp-content\/uploads\/2020\/04\/librochu02.gif\" alt=\"\" width=\"200\" height=\"266\" \/><\/a><br \/>\nChungui fue el distrito m\u00e1s golpeado por la violencia pol\u00edtica de las \u00faltimas d\u00e9cadas del Siglo XX y que, sin embargo, se recupera lentamente para hacer sentir su manera de vivir a trav\u00e9s de su patrimonio natural y sociocultural vivo. Reune en sus p\u00e1ginas trabajos de intelectuales locales y for\u00e1neos que dan cuenta de su historia, etnograf\u00eda, recursos y manifestaciones culturales materiales e inmateriales con textos, fotograf\u00edas, cuadros y diagramas. Entre ellos est\u00e1n: Daniel Huam\u00e1n Juarez (Alcalde), Moner Lizana Huam\u00e1n, Pilar Sebasti\u00e1n Garc\u00eda, Alfonso Palomino, V\u00edctor Navarro del Aguila, Lotrenzo Huertas Vallejos, Jos\u00e9 R. Ruiz Fowler, R. P. Salvador Cavero, Dionisio Ortiz OFM, Virgilio Galdo, Te\u00f3fanes Paredes, Julio T. Garc\u00eda Miranda, Guillermo Huayhua, Elsa y Elba Garc\u00eda Miranda, Nelly Miranda Contreras, Valent\u00edn Cuadros, Reyna Paredes La Rosa, Hugo Miranda Contreras, Carlos I. Degregori, Xavier D\u00edaz de Cerio, Edilberto Jim\u00e9nez, Wilmer Motta, entre otros.<\/p>\n<p>La compilaci\u00f3n, la introducci\u00f3n y notas est\u00e1n a cargo de Juan Jos\u00e9 Garc\u00eda Miranda.<br \/>\nLos pedidos pueden hacer a amarteperu@yahoo.es<\/p>\n<p><strong>CONTENIDO<\/strong><\/p>\n<table class=\"Estilo2\" style=\"width: 74.4249%;\" border=\"0\">\n<tbody>\n<tr>\n<td style=\"width: 87.8954%;\" width=\"91%\"><\/td>\n<td style=\"width: 16.1308%;\" width=\"9%\">P\u00e1gina<\/td>\n<\/tr>\n<tr>\n<td style=\"width: 87.8954%;\" width=\"91%\"><b>Presentaci\u00f3n<\/b>. Daniel Huam\u00e1n Juarez<\/td>\n<td style=\"width: 16.1308%;\" width=\"9%\">\n<div align=\"center\">9<\/div>\n<\/td>\n<\/tr>\n<tr>\n<td style=\"width: 87.8954%;\" width=\"91%\"><\/td>\n<td style=\"width: 16.1308%;\" width=\"9%\">\n<div align=\"center\"><\/div>\n<\/td>\n<\/tr>\n<tr>\n<td style=\"width: 87.8954%;\" width=\"91%\"><b>Introducci\u00f3n<\/b>. Juan Jos\u00e9 Garc\u00eda Miranda<\/td>\n<td style=\"width: 16.1308%;\" width=\"9%\">\n<div align=\"center\">13<\/div>\n<\/td>\n<\/tr>\n<tr>\n<td style=\"width: 87.8954%;\" width=\"91%\"><\/td>\n<td style=\"width: 16.1308%;\" width=\"9%\">\n<div align=\"center\"><\/div>\n<\/td>\n<\/tr>\n<tr>\n<td style=\"width: 87.8954%;\" width=\"91%\"><b>Primera parte: Generalidades <\/b><\/td>\n<td style=\"width: 16.1308%;\" width=\"9%\">\n<div align=\"center\"><\/div>\n<\/td>\n<\/tr>\n<tr>\n<td style=\"width: 87.8954%;\" width=\"91%\">Chungui. Moner Lizana<\/td>\n<td style=\"width: 16.1308%;\" width=\"9%\">\n<div align=\"center\">37<\/div>\n<\/td>\n<\/tr>\n<tr>\n<td style=\"width: 87.8954%;\" width=\"91%\">Viaje a una comunidad andina. Moner Lizana.<\/td>\n<td style=\"width: 16.1308%;\" width=\"9%\">\n<div align=\"center\">39<\/div>\n<\/td>\n<\/tr>\n<tr>\n<td style=\"width: 87.8954%;\" width=\"91%\">Informaci\u00f3n general. Pilar Edith Sebasti\u00e1n Garc\u00eda<\/td>\n<td style=\"width: 16.1308%;\" width=\"9%\">\n<div align=\"center\">42<\/div>\n<\/td>\n<\/tr>\n<tr>\n<td style=\"width: 87.8954%;\" width=\"91%\"><\/td>\n<td style=\"width: 16.1308%;\" width=\"9%\">\n<div align=\"center\"><\/div>\n<\/td>\n<\/tr>\n<tr>\n<td style=\"width: 87.8954%;\" width=\"91%\"><b>Segunda parte: Historia <\/b><\/td>\n<td style=\"width: 16.1308%;\" width=\"9%\">\n<div align=\"center\"><\/div>\n<\/td>\n<\/tr>\n<tr>\n<td style=\"width: 87.8954%;\" width=\"91%\">Datos sobre la creaci\u00f3n oficial del distritode Chungui. Alfonso Palomino.<\/td>\n<td style=\"width: 16.1308%;\" width=\"9%\">\n<div align=\"center\">57<\/div>\n<\/td>\n<\/tr>\n<tr>\n<td style=\"width: 87.8954%;\" width=\"91%\">Creaci\u00f3n de la provincia de La Mar.<\/td>\n<td style=\"width: 16.1308%;\" width=\"9%\">\n<div align=\"center\">60<\/div>\n<\/td>\n<\/tr>\n<tr>\n<td style=\"width: 87.8954%;\" width=\"91%\">Tribus de Yunka Tampu. V\u00edctor Navarro del \u00c1guila.<\/td>\n<td style=\"width: 16.1308%;\" width=\"9%\">\n<div align=\"center\">62<\/div>\n<\/td>\n<\/tr>\n<tr>\n<td style=\"width: 87.8954%;\" width=\"91%\">Mayunmarca 1720. Lorenzo Huertas Vallejos.<\/td>\n<td style=\"width: 16.1308%;\" width=\"9%\">\n<div align=\"center\">65<\/div>\n<\/td>\n<\/tr>\n<tr>\n<td style=\"width: 87.8954%;\" width=\"91%\">Chungui y la rebeli\u00f3n de Tupac Amaru.<br \/>\nLorenzo Huertas Vallejos.<\/td>\n<td style=\"width: 16.1308%;\" width=\"9%\">\n<div align=\"center\">69<\/div>\n<\/td>\n<\/tr>\n<tr>\n<td style=\"width: 87.8954%;\" width=\"91%\">Ligeros apuntes sobre la demarcaci\u00f3n pol\u00edtica del Per\u00fa en la \u00e9poca del Coloniaje. Jos\u00e9 R. Ru\u00edz Fowler.<\/td>\n<td style=\"width: 16.1308%;\" width=\"9%\">\n<div align=\"center\">76<\/div>\n<\/td>\n<\/tr>\n<tr>\n<td style=\"width: 87.8954%;\" width=\"91%\">Chungui en la expedici\u00f3n de Samanez Ocampo.<br \/>\nJos\u00e9 B. Samanez Ocampo.<\/td>\n<td style=\"width: 16.1308%;\" width=\"9%\">\n<div align=\"center\">83<\/div>\n<\/td>\n<\/tr>\n<tr>\n<td style=\"width: 87.8954%;\" width=\"91%\">La monta\u00f1a de Ayacucho, algunas anotaciones.<br \/>\nDionisio Ortiz O. F. M.<\/td>\n<td style=\"width: 16.1308%;\" width=\"9%\">\n<div align=\"center\">98<\/div>\n<\/td>\n<\/tr>\n<tr>\n<td style=\"width: 87.8954%;\" width=\"91%\">Montoneros de La Mar. R. P. Jos\u00e9 Salvador Cavero Le\u00f3n.<\/td>\n<td style=\"width: 16.1308%;\" width=\"9%\">\n<div align=\"center\">109<\/div>\n<\/td>\n<\/tr>\n<tr>\n<td style=\"width: 87.8954%;\" width=\"91%\">Haciendas de La Mar. Virgilio Galdo Guti\u00e9rrez.<\/td>\n<td style=\"width: 16.1308%;\" width=\"9%\">\n<div align=\"center\">112<\/div>\n<\/td>\n<\/tr>\n<tr>\n<td style=\"width: 87.8954%;\" width=\"91%\">Notas sobre la diferenciaci\u00f3n campesina en la provincia de La Mar. Edith Montero, Adri\u00e1n Ar\u00e9stegui, Elizabeth Nieto y Te\u00f3fanes Paredes.<\/td>\n<td style=\"width: 16.1308%;\" width=\"9%\">\n<div align=\"center\">117<\/div>\n<\/td>\n<\/tr>\n<tr>\n<td style=\"width: 87.8954%;\" width=\"91%\"><\/td>\n<td style=\"width: 16.1308%;\" width=\"9%\">\n<div align=\"center\"><\/div>\n<\/td>\n<\/tr>\n<tr>\n<td style=\"width: 87.8954%;\" width=\"91%\"><b>Tercera parte: Cultura viva <\/b><\/td>\n<td style=\"width: 16.1308%;\" width=\"9%\">\n<div align=\"center\"><\/div>\n<\/td>\n<\/tr>\n<tr>\n<td style=\"width: 87.8954%;\" width=\"91%\">Gentil Runakuna, Julio Teddy Garc\u00eda Miranda.<\/td>\n<td style=\"width: 16.1308%;\" width=\"9%\">\n<div align=\"center\">135<\/div>\n<\/td>\n<\/tr>\n<tr>\n<td style=\"width: 87.8954%;\" width=\"91%\">Canciones sobre y desde Chungui. Juan Jos\u00e9 Garc\u00eda Benavides.<\/td>\n<td style=\"width: 16.1308%;\" width=\"9%\">\n<div align=\"center\">141<\/div>\n<\/td>\n<\/tr>\n<tr>\n<td style=\"width: 87.8954%;\" width=\"91%\">Costumbres de Chungui: Llaqta Maqta. Moner Lizana<\/td>\n<td style=\"width: 16.1308%;\" width=\"9%\">\n<div align=\"center\">155<\/div>\n<\/td>\n<\/tr>\n<tr>\n<td style=\"width: 87.8954%;\" width=\"91%\">Llaqta maqta, Chungui, La Mar: Guillermo Huayhua y Rosa Arroyo.<\/td>\n<td style=\"width: 16.1308%;\" width=\"9%\">\n<div align=\"center\">158<\/div>\n<\/td>\n<\/tr>\n<tr>\n<td style=\"width: 87.8954%;\" width=\"91%\">Los carnavales: Ritual y relaciones de intercambio. Juan Jos\u00e9 Garc\u00eda Miranda.<\/td>\n<td style=\"width: 16.1308%;\" width=\"9%\">\n<div align=\"center\">162<\/div>\n<\/td>\n<\/tr>\n<tr>\n<td style=\"width: 87.8954%;\" width=\"91%\">Chungui de mis ensue\u00f1os. Elsa C. Garc\u00eda Miranda.<\/td>\n<td style=\"width: 16.1308%;\" width=\"9%\">\n<div align=\"center\">176<\/div>\n<\/td>\n<\/tr>\n<tr>\n<td style=\"width: 87.8954%;\" width=\"91%\">Remembranzas de mi primera infancia en Chungui. Celia Elba Garc\u00eda Miranda.<\/td>\n<td style=\"width: 16.1308%;\" width=\"9%\">\n<div align=\"center\">184<\/div>\n<\/td>\n<\/tr>\n<tr>\n<td style=\"width: 87.8954%;\" width=\"91%\">Memorias de Chungui. Nelly Miranda Contreras.<\/td>\n<td style=\"width: 16.1308%;\" width=\"9%\">\n<div align=\"center\">193<\/div>\n<\/td>\n<\/tr>\n<tr>\n<td style=\"width: 87.8954%;\" width=\"91%\">Literatura oral de Chungui. Recopilaci\u00f3n de Moner Lizana<\/td>\n<td style=\"width: 16.1308%;\" width=\"9%\">\n<div align=\"center\">198<\/div>\n<\/td>\n<\/tr>\n<tr>\n<td style=\"width: 87.8954%;\" width=\"91%\">La laguna encantada de Ullucupata. Juan Jos\u00e9 Garc\u00eda Miranda.<\/td>\n<td style=\"width: 16.1308%;\" width=\"9%\">\n<div align=\"center\">208<\/div>\n<\/td>\n<\/tr>\n<tr>\n<td style=\"width: 87.8954%;\" width=\"91%\"><\/td>\n<td style=\"width: 16.1308%;\" width=\"9%\">\n<div align=\"center\"><\/div>\n<\/td>\n<\/tr>\n<tr>\n<td style=\"width: 87.8954%;\" width=\"91%\"><b>Cuarta parte: Procesos econ\u00f3mico sociales<br \/>\n<\/b><\/td>\n<td style=\"width: 16.1308%;\" width=\"9%\">\n<div align=\"center\"><\/div>\n<\/td>\n<\/tr>\n<tr>\n<td style=\"width: 87.8954%;\" width=\"91%\">La familia y el matrimonio en las comunidades de Chungui (La Mar), Julio T. Garc\u00eda Miranda.<\/td>\n<td style=\"width: 16.1308%;\" width=\"9%\">\n<div align=\"center\">215<\/div>\n<\/td>\n<\/tr>\n<tr>\n<td style=\"width: 87.8954%;\" width=\"91%\">Bel\u00e9n Chapi. Valent\u00edn Cuadros Cusi<\/td>\n<td style=\"width: 16.1308%;\" width=\"9%\">\n<div align=\"center\">297<\/div>\n<\/td>\n<\/tr>\n<tr>\n<td style=\"width: 87.8954%;\" width=\"91%\">La Elaboraci\u00f3n del Chu\u00f1o. Reyna Paredes La Rosa<\/td>\n<td style=\"width: 16.1308%;\" width=\"9%\">\n<div align=\"center\">299<\/div>\n<\/td>\n<\/tr>\n<tr>\n<td style=\"width: 87.8954%;\" width=\"91%\">Chungui: El esp\u00edritu productivo de sus habitantes. Hugo Gustavo Miranda Contreras.<\/td>\n<td style=\"width: 16.1308%;\" width=\"9%\">\n<div align=\"center\">309<\/div>\n<\/td>\n<\/tr>\n<tr>\n<td style=\"width: 87.8954%;\" width=\"91%\"><\/td>\n<td style=\"width: 16.1308%;\" width=\"9%\">\n<div align=\"center\"><\/div>\n<\/td>\n<\/tr>\n<tr>\n<td style=\"width: 87.8954%;\" width=\"91%\"><b>Quinta parte: Procesos Sociopol\u00edticos<\/b><\/td>\n<td style=\"width: 16.1308%;\" width=\"9%\">\n<div align=\"center\"><\/div>\n<\/td>\n<\/tr>\n<tr>\n<td style=\"width: 87.8954%;\" width=\"91%\">Chungui: viaje a los confines del mundo. Carlos Iv\u00e1n Degregori.<\/td>\n<td style=\"width: 16.1308%;\" width=\"9%\">\n<div align=\"center\">327<\/div>\n<\/td>\n<\/tr>\n<tr>\n<td style=\"width: 87.8954%;\" width=\"91%\">Oreja de perro: C\u00f3mo lo visual puede ayudar a una comunidad a levantarse de la muerte. Xabier D\u00edaz de Cerio.<\/td>\n<td style=\"width: 16.1308%;\" width=\"9%\">\n<div align=\"center\">332<\/div>\n<\/td>\n<\/tr>\n<tr>\n<td style=\"width: 87.8954%;\" width=\"91%\">Chungui: Conflictos y olvido. Edilberto Jim\u00e9nez.<\/td>\n<td style=\"width: 16.1308%;\" width=\"9%\">\n<div align=\"center\">338<\/div>\n<\/td>\n<\/tr>\n<tr>\n<td style=\"width: 87.8954%;\" width=\"91%\">Testimonio de un ex soldado. Wilmer Motta.<\/td>\n<td style=\"width: 16.1308%;\" width=\"9%\">\n<div align=\"center\">341<\/div>\n<\/td>\n<\/tr>\n<tr>\n<td style=\"width: 87.8954%;\" width=\"91%\">Chungui: La voz de un pueblo al centro del conflicto<\/td>\n<td style=\"width: 16.1308%;\" width=\"9%\">\n<div align=\"center\">344<\/div>\n<\/td>\n<\/tr>\n<tr>\n<td style=\"width: 87.8954%;\" width=\"91%\">Chungui y Oreja de Perro: Consideraciones geo-pol\u00edticas. Comisi\u00f3n de la verdad y reconciliaci\u00f3n.<\/td>\n<td style=\"width: 16.1308%;\" width=\"9%\">\n<div align=\"center\">347<\/div>\n<\/td>\n<\/tr>\n<tr>\n<td style=\"width: 87.8954%;\" width=\"91%\"><\/td>\n<td style=\"width: 16.1308%;\" width=\"9%\">\n<div align=\"center\"><\/div>\n<\/td>\n<\/tr>\n<tr>\n<td style=\"width: 87.8954%;\" width=\"91%\"><b>\u00cdndices <\/b><\/td>\n<td style=\"width: 16.1308%;\" width=\"9%\">\n<div align=\"center\"><\/div>\n<\/td>\n<\/tr>\n<tr>\n<td style=\"width: 87.8954%;\" width=\"91%\">Indice de fotograf\u00edas<\/td>\n<td style=\"width: 16.1308%;\" width=\"9%\">\n<div align=\"center\">363<\/div>\n<\/td>\n<\/tr>\n<tr>\n<td style=\"width: 87.8954%;\" width=\"91%\">Indice de mapas y croquis<\/td>\n<td style=\"width: 16.1308%;\" width=\"9%\">\n<div align=\"center\">365<\/div>\n<\/td>\n<\/tr>\n<tr>\n<td style=\"width: 87.8954%;\" width=\"91%\">Indidice de cuadros, esuqemas y gr\u00e1ficos<\/td>\n<td style=\"width: 16.1308%;\" width=\"9%\">\n<div align=\"center\">365<\/div>\n<\/td>\n<\/tr>\n<\/tbody>\n<\/table>\n<div align=\"center\"><\/div>\n ","protected":false},"excerpt":{"rendered":"<p>Chungui: Historia, econom\u00eda y cultura viva Chungui: Historia, econom\u00eda y cultura viva. (2009). Seferis ediciones, Amarte Per\u00fa, Municipalidad Distrital de Chungui, La Mar, Lima, Per\u00fa. 366 pp. Compilaci\u00f3n de Juan Jos\u00e9 Garc\u00eda Miranda Es un libro compilado por Juan Jos\u00e9 Garc\u00eda Miranda bajo los auspicios de la Asociaci\u00f3n AMARTE Per\u00fa y la Municipalidad del distrito [&hellip;]<\/p>\n","protected":false},"author":1,"featured_media":0,"parent":32,"menu_order":0,"comment_status":"closed","ping_status":"closed","template":"","meta":[],"_links":{"self":[{"href":"https:\/\/chungui.info\/chungui\/wp-json\/wp\/v2\/pages\/249"}],"collection":[{"href":"https:\/\/chungui.info\/chungui\/wp-json\/wp\/v2\/pages"}],"about":[{"href":"https:\/\/chungui.info\/chungui\/wp-json\/wp\/v2\/types\/page"}],"author":[{"embeddable":true,"href":"https:\/\/chungui.info\/chungui\/wp-json\/wp\/v2\/users\/1"}],"replies":[{"embeddable":true,"href":"https:\/\/chungui.info\/chungui\/wp-json\/wp\/v2\/comments?post=249"}],"version-history":[{"count":4,"href":"https:\/\/chungui.info\/chungui\/wp-json\/wp\/v2\/pages\/249\/revisions"}],"predecessor-version":[{"id":255,"href":"https:\/\/chungui.info\/chungui\/wp-json\/wp\/v2\/pages\/249\/revisions\/255"}],"up":[{"embeddable":true,"href":"https:\/\/chungui.info\/chungui\/wp-json\/wp\/v2\/pages\/32"}],"wp:attachment":[{"href":"https:\/\/chungui.info\/chungui\/wp-json\/wp\/v2\/media?parent=249"}],"curies":[{"name":"wp","href":"https:\/\/api.w.org\/{rel}","templated":true}]}}