{"id":24,"date":"2020-02-17T00:46:51","date_gmt":"2020-02-17T00:46:51","guid":{"rendered":"https:\/\/chungui.info\/chungui\/comunidades\/union-libertad\/"},"modified":"2020-05-17T03:43:38","modified_gmt":"2020-05-17T03:43:38","slug":"union-libertad","status":"publish","type":"page","link":"https:\/\/chungui.info\/chungui\/comunidades\/union-libertad\/","title":{"rendered":"Comunidad Cempesina Uni\u00f3n Libertad"},"content":{"rendered":"\r\n<p>La Comunidad Campesina \u00abUni\u00f3n Libertad\u00bb es una de las 6 comunidades del distrito de Chungui, es lim\u00edtrofe con el distrito de Anco, comprende territorios de la sierra y selva siendo la comunidad matriz Rumichaka y teniendo como anexos a la comunidades menores de Espinco, ubicado en la zona sierra, Moyabamba y Chinchibamba ubicados en la zona selva.<\/p>\r\n<div id=\"attachment_194\" style=\"width: 290px\" class=\"wp-caption alignright\"><a href=\"https:\/\/chungui.info\/chungui\/wp-content\/uploads\/2020\/03\/Rumichaca_Rodi_Bendezu_Cardenas.jpg\"><img aria-describedby=\"caption-attachment-194\" loading=\"lazy\" class=\"wp-image-194\" src=\"https:\/\/chungui.info\/chungui\/wp-content\/uploads\/2020\/03\/Rumichaca_Rodi_Bendezu_Cardenas-180x300.jpg\" alt=\"Rumichaca\" width=\"280\" height=\"467\" srcset=\"https:\/\/chungui.info\/chungui\/wp-content\/uploads\/2020\/03\/Rumichaca_Rodi_Bendezu_Cardenas-180x300.jpg 180w, https:\/\/chungui.info\/chungui\/wp-content\/uploads\/2020\/03\/Rumichaca_Rodi_Bendezu_Cardenas.jpg 576w\" sizes=\"(max-width: 280px) 100vw, 280px\" \/><\/a><p id=\"caption-attachment-194\" class=\"wp-caption-text\">Rumichaca (Foto: Rodi Bendez\u00fa C.)<\/p><\/div>\r\n\r\n\r\n\r\n<p>La Comunidad Uni\u00f3n Libertad naci\u00f3 en base a una escisi\u00f3n de la comunidad matriz de Chungui y fue reconocido con Resoluci\u00f3n N\u00b0 RDR. 0237-94-RLW-DRA-PETT del 30 de noviembre de 1994, limita con las comunidades de Ccarin, Chungui, Huecchues y Villa vista del distrito de Chungui y la comunidad de Anco (anexo de Huarcca) del distrito de Anco.<\/p>\r\n\r\n\r\n\r\n<p>Antes de 1994 pertenec\u00eda a la Comunidad de Chungui y los territorios de Ukun Yunka en la selva eran usufructuados por los pobladores de las diferentes parcialidades de la Comunidad de Chungui, siendo el paso obligado para transitar de la sierra a la selva, sobre todo para los pueblos de Chungui, Anccea, Ccarin, Marco, Tantarpata, Churca, Socos, entre otros.<\/p>\r\n\r\n\r\n\r\n<p>Los anexos de la Comunidad Uni\u00f3n Libertad son:<\/p>\r\n\r\n\r\n\r\n<ul>\r\n<li>Comunidad matriz de Rumichaca, ubicado en la zona sierra, su territorio abarca desde la cumbre de Huarccaccasa que alcanza 4500 metros de altitud, siendo el centro poblado de Rumichaka a 3300 metros de altitud.<\/li>\r\n<li>Comunidad menor de Espinco, ubicado tambi\u00e9n en la zona sierra, se enlaza con Rumichaca a trav\u00e9s de una trocha, con Huecchues y las comunidades de la selva a trav\u00e9s de caminos de herradura.<\/li>\r\n<li>Comunidad menor de Moyabamba, es una comunidad de reciente creaci\u00f3n, convirti\u00e9ndose el pueblo en el centro poblado de Mayunamrka en el a\u00f1o 2018.<\/li>\r\n<li>Comunidad menor de Chinchibamba, fue una estancia de los pobladores de la comunidad de Chungui desde tiempos antiguos, siendo poblado permanentemente por los a\u00f1os 90 y convirti\u00e9ndose en anexo de Uni\u00f3n Libertad.<\/li>\r\n<li>Adem\u00e1s de estas comunidades hay poblados m\u00e1s peque\u00f1os, algunos en proceso de convertirse en anexos, tales como Llaqtapata, Sintu, Chiribamba, Masu, etc.<\/li>\r\n<\/ul>\r\n\r\n\r\n\r\n<p>La zona selva de Uni\u00f3n libertad comprende la antigua regi\u00f3n llamado \u00abValle de Mayunmarka\u00bb, de donde, seg\u00fan un mito local, proceden los fundadores del pueblo de Chungui, estuvo poblado en diferentes etapas, existiendo leyendas de restos Inca. Existen suficientes indicios para afirmar que el centro poblado Mayunmarka de la \u00e9poca colonial estuvo situado en la actual Moyabamba y Llaqtapata.<\/p>\r\n\r\n\r\n\r\n<h3 class=\"has-text-color\" style=\"color: #066b96;\">Cumunidad Campesina de Union Libertad de Rumichaka<\/h3>\r\n\r\n\r\n\r\n<p><em>Tomado del blog de <strong>Efrain Calle Orihuela<\/strong><\/em><\/p>\r\n\r\n\r\n\r\n<p>Autor: Efrain Calle Orihuela, Fuente: <a href=\"http:\/\/usunchik.blogspot.com\/2011\/01\/cumunidad-campesina-de-union-libertad.html\">http:\/\/usunchik.blogspot.com<\/a><\/p>\r\n\r\n\r\n\r\n<h3>Ubicaci\u00f3n geogr\u00e1fica<\/h3>\r\n\r\n\r\n\r\n<p>La comunidad campesina se encuentra a 3530 m s. n. m, pertenece a la confederaci\u00f3n de comunidades de Chungui sierra, a la vez es capital de centro poblado de Uni\u00f3n libertad de Rumichaka, que comprende Espinco, Huecchues, Chinchibamba y Rumichaka. Que pertenece al distrito de Chungui, provincia de la mar, regi\u00f3n Ayacucho. A 403 kil\u00f3metros aproximadamente desde la ciudad de huamanga.<\/p>\r\n\r\n\r\n\r\n<h3>Origen de la comunidad de Rumichaka<\/h3>\r\n\r\n\r\n\r\n<p>En el momento donde emergieron estos Dioses tutelares, las poblaciones en general se encontraban en Purun runas, que significa hombres sin leyes y moral en palabras m\u00e1s sencillas como pueblos barbaros, este hecho contrasta con el siguiente testimonio.<\/p>\r\n\r\n\r\n\r\n<blockquote>\r\n<p>R.A S De 60 A\u00f1os \u201cHuk watapis kasqaniku \u00f1uqaykuqa purun runas u sallqa runas, qinaptinsi puku a pukulla llaqtayasqaniku, chaysi chaymantaqa chankaskuna\u00f1a kasqanikuqa, chaymanta pacham \u00f1uqaykuqa chankaskuna miraynin kaniku.<\/p>\r\n<p>Traducci\u00f3n: nosotros en un tiempo \u00e9ramos purun runas o hombres de la altura, fue entonces cuando poco a poco, hemos poblado y desde ah\u00ed fuimos descendientes de los Chankas.<\/p>\r\n<\/blockquote>\r\n<p>La comunidad campesina de Rumichaka, tiene un origen m\u00edtico, ya que sostienen que son descendientes directos de los Chankas, este hecho podr\u00eda ser contrastado por dos teor\u00edas. La primera planteada por el antrop\u00f3logo Luis G. Lumbreras, donde sostiene que despu\u00e9s de la derrota de los Chankas en el Yawarpampa por los incas, una parte de los Chankas, se fueron a vivir al margen derecho e izquierdo del rio Apur\u00edmac, ordenados por el gran Anquaylllo. Lo que se contrasta con el siguiente testimonio.<\/p>\r\n<blockquote>\r\n<p>\u00d1oqaykupa abueluykuqa chankasmi, chaymi \u00f1uqaykuqa paykunapa mirayninkum kaniku, llapallam kay allpakunapi tiyaqkunaqa llapankum qina chankaskunapa miraynin.<\/p>\r\n<p>Traducci\u00f3n: Nuestros abuelos dice que son los Chankas, por eso somos nosotros descendientes directos de los Chankas, todos los que habitan en estas tierras tambi\u00e9n son descendientes de los Chankas.<\/p>\r\n<\/blockquote>\r\n<div id=\"attachment_197\" style=\"width: 430px\" class=\"wp-caption alignleft\"><a href=\"https:\/\/chungui.info\/chungui\/wp-content\/uploads\/2020\/03\/Rumichaca.jpg\"><img aria-describedby=\"caption-attachment-197\" loading=\"lazy\" class=\"wp-image-197\" src=\"https:\/\/chungui.info\/chungui\/wp-content\/uploads\/2020\/03\/Rumichaca-300x225.jpg\" alt=\"Rumichaka\" width=\"420\" height=\"315\" srcset=\"https:\/\/chungui.info\/chungui\/wp-content\/uploads\/2020\/03\/Rumichaca-300x225.jpg 300w, https:\/\/chungui.info\/chungui\/wp-content\/uploads\/2020\/03\/Rumichaca-768x576.jpg 768w, https:\/\/chungui.info\/chungui\/wp-content\/uploads\/2020\/03\/Rumichaca.jpg 1024w\" sizes=\"(max-width: 420px) 100vw, 420px\" \/><\/a><p id=\"caption-attachment-197\" class=\"wp-caption-text\">Pueblo de Rumichaca<\/p><\/div>\r\n<p>Por otro lado tenemos el planteamiento del antrop\u00f3logo N\u00e9stor G. Taype Campos, para este estudioso para la evoluci\u00f3n de la sociedad andina, es a partir de la laguna de choclo ccocha, de donde emergieron tres dioses tutelares que a la vez eran hermanos, quienes son: huaman: \u00e1guila, quien sostenio y civilizo a los pokras, el segundo es el atuq: zorro, quien tomar\u00eda a los wankas, mientras el osko: le\u00f3n andino o puma, que tomaria a las poblaciones hoy denominados Chankas, de donde proven\u00edan los nombres de apu Waman, apu osko, apu atok, estos tres hermanos su funci\u00f3n simb\u00f3lica del agua como lo plantea el escritor es de civilizarlos y organizarlos en sociedades distintas, como es evidente ahora en el siglo XXI.<\/p>\r\n\r\n\r\n\r\n\r\n\r\n<p>Como podemos ver ambas teor\u00edas son viables para el origen de las poblaciones andinas, del sector de Chungui, ya que lumbreras sostiene que despu\u00e9s de la derrota por los incas poblaron, pero lo m\u00e1s acertado es que en el origen de las poblaciones Chankas tiene el origen en los a\u00f1os 900 D.C.<\/p>\r\n\r\n\r\n\r\n<h3>Sobre el nombre de Rumichaka<\/h3>\r\n\r\n\r\n\r\n<p>Rumichaka, significa puente de piedra, lo que esto significa es que la poblaci\u00f3n actual no recuerda espec\u00edficamente desde cuando se empez\u00f3 a llamar as\u00ed, lo cierto es que anteriormente exist\u00eda un piedra de un aproximado de 4 metros como un tabla ancha que serv\u00eda de puente para cruzar el rio de Rumichaka, de donde provendr\u00eda el nombre, ya que era constantemente usados por las poblaciones para trasladarse hacia la selva de VRAE.<\/p>\r\n\r\n\r\n\r\n<blockquote>\r\n<p>R.G.Z de 45 a\u00f1os\u00a0\u201cWak urapim karqa machu rumi manaraq chakata rurachkaptinku, hatunsuya karqa chaka puniya, chaysi yunkaman rinapaqa chaynita chinpana riki, chaymantach suticharqaku rumichakawanqa riki.<br \/>Traducci\u00f3n: all\u00ed abajo hab\u00eda una piedra grande cuando todav\u00eda gavia el puente, era grande y serv\u00eda como un puente verdadero. Todos los que ten\u00edan que ir a la selva ten\u00edan que pasar necesariamente por ese puente, desde ah\u00ed habr\u00e1 salido el nombre de Rumichaka.<\/p>\r\n<\/blockquote>\r\n\r\n\r\n\r\n<p>Despu\u00e9s que en 1998 se construyo el puente a base de concreto, algunos pobladores quisieron cambiar de nombre, es as\u00ed que en una reuni\u00f3n aprobaron que se deb\u00eda llamar uni\u00f3n libertad de Rumichaka, ya que fue desde el 2000 cuando paso a ser centro poblado de Rumichaka.<\/p>\r\n ","protected":false},"excerpt":{"rendered":"<p>La Comunidad Campesina \u00abUni\u00f3n Libertad\u00bb es una de las 6 comunidades del distrito de Chungui, es lim\u00edtrofe con el distrito de Anco, comprende territorios de la sierra y selva siendo la comunidad matriz Rumichaka y teniendo como anexos a la comunidades menores de Espinco, ubicado en la zona sierra, Moyabamba y Chinchibamba ubicados en la [&hellip;]<\/p>\n","protected":false},"author":1,"featured_media":0,"parent":22,"menu_order":2,"comment_status":"closed","ping_status":"closed","template":"","meta":[],"_links":{"self":[{"href":"https:\/\/chungui.info\/chungui\/wp-json\/wp\/v2\/pages\/24"}],"collection":[{"href":"https:\/\/chungui.info\/chungui\/wp-json\/wp\/v2\/pages"}],"about":[{"href":"https:\/\/chungui.info\/chungui\/wp-json\/wp\/v2\/types\/page"}],"author":[{"embeddable":true,"href":"https:\/\/chungui.info\/chungui\/wp-json\/wp\/v2\/users\/1"}],"replies":[{"embeddable":true,"href":"https:\/\/chungui.info\/chungui\/wp-json\/wp\/v2\/comments?post=24"}],"version-history":[{"count":25,"href":"https:\/\/chungui.info\/chungui\/wp-json\/wp\/v2\/pages\/24\/revisions"}],"predecessor-version":[{"id":211,"href":"https:\/\/chungui.info\/chungui\/wp-json\/wp\/v2\/pages\/24\/revisions\/211"}],"up":[{"embeddable":true,"href":"https:\/\/chungui.info\/chungui\/wp-json\/wp\/v2\/pages\/22"}],"wp:attachment":[{"href":"https:\/\/chungui.info\/chungui\/wp-json\/wp\/v2\/media?parent=24"}],"curies":[{"name":"wp","href":"https:\/\/api.w.org\/{rel}","templated":true}]}}