{"id":177,"date":"2020-03-23T15:59:26","date_gmt":"2020-03-23T15:59:26","guid":{"rendered":"https:\/\/chungui.info\/chungui\/?page_id=177"},"modified":"2020-05-17T03:45:16","modified_gmt":"2020-05-17T03:45:16","slug":"comunidad-campesina-villa-vista","status":"publish","type":"page","link":"https:\/\/chungui.info\/chungui\/comunidades\/comunidad-campesina-villa-vista\/","title":{"rendered":"Comunidad Campesina San Jos\u00e9 de Villa Vista"},"content":{"rendered":"<p>La comunidad campesina de San Jos\u00e9 de Villa Vista fue creado mediante R.S.R. 027-92-GRLW\/SRAS-SR del 27 de agosto de 1992 y est\u00e1 inscrito en la ficha Nro. 0217 de los Registros Publicos de Ayacucho. Limita por el este con el distrito de Villa Virgen de Cusco a trav\u00e9s del r\u00edo Apurimac, por el norte y oeste con el distrito de Anco a trav\u00e9s del r\u00edo Ticsibamba, y por el sur con las Comunidades de Uni\u00f3n Libertad y Huecchues.<\/p>\n<div id=\"attachment_282\" style=\"width: 510px\" class=\"wp-caption alignright\"><a href=\"https:\/\/chungui.info\/chungui\/wp-content\/uploads\/2020\/04\/villavista1.jpg\"><img aria-describedby=\"caption-attachment-282\" loading=\"lazy\" class=\"wp-image-282\" src=\"https:\/\/chungui.info\/chungui\/wp-content\/uploads\/2020\/04\/villavista1-300x225.jpg\" alt=\"Villa Vista\" width=\"500\" height=\"375\" srcset=\"https:\/\/chungui.info\/chungui\/wp-content\/uploads\/2020\/04\/villavista1-300x225.jpg 300w, https:\/\/chungui.info\/chungui\/wp-content\/uploads\/2020\/04\/villavista1-1024x768.jpg 1024w, https:\/\/chungui.info\/chungui\/wp-content\/uploads\/2020\/04\/villavista1-768x576.jpg 768w, https:\/\/chungui.info\/chungui\/wp-content\/uploads\/2020\/04\/villavista1.jpg 1500w\" sizes=\"(max-width: 500px) 100vw, 500px\" \/><\/a><p id=\"caption-attachment-282\" class=\"wp-caption-text\">Centro poblado de Villa Vista (Foto: Moner Lizana)<\/p><\/div>\n<p>La comunidad de Villa Vista abarca totalmente la zona de selva, siendo el centro poblado de Villa Vista como su capital administrativa. La altitud var\u00eda entre los 750 metros de altitud en la desembocadura del r\u00edo Ticsibamba en el r\u00edo Apurimac hasta los 2,000 metros en la cumbre del cerro Makinaqasa, la altitud del centro poblado de Villa Vista es 1435 metros.<\/p>\n<p>La comunidad de Villa Vista tiene dos rutas de acceso. Una desde Chungui a trav\u00e9s de Villa Aurora y Moyabamba, y otra desde Huamanga y San Francisco por Lechemayo y el puente Ticsibamba.<\/p>\n<p>La producci\u00f3n de Villa Vista est\u00e1 basado principalmente en el cultivo del caf\u00e9, cacao y coca. Tambi\u00e9n se producen yuca y frutales como pl\u00e1tanos, papaya, coco, c\u00edtricos, adem\u00e1s de man\u00ed y otros cultivos menores.<\/p>\n<p>Los anexos de Villa Vista son los siguientes:<\/p>\n<ul>\n<li>Villa Vista<\/li>\n<li>Cachimina<\/li>\n<li>Ticsibamba<\/li>\n<li>Balsamoqasa<\/li>\n<li>Malvinas<\/li>\n<li>Mejorada<\/li>\n<li>Puerto Mejorada (Capiro)<\/li>\n<\/ul>\n<table style=\"border-collapse: collapse; width: 100%;\">\n<tbody>\n<tr>\n<td style=\"width: 50%;\">\n<p><div id=\"attachment_283\" style=\"width: 430px\" class=\"wp-caption aligncenter\"><a href=\"https:\/\/chungui.info\/chungui\/wp-content\/uploads\/2020\/04\/villavista2.jpg\"><img aria-describedby=\"caption-attachment-283\" loading=\"lazy\" class=\"wp-image-283\" src=\"https:\/\/chungui.info\/chungui\/wp-content\/uploads\/2020\/04\/villavista2-300x225.jpg\" alt=\"Villa Vista\" width=\"420\" height=\"315\" srcset=\"https:\/\/chungui.info\/chungui\/wp-content\/uploads\/2020\/04\/villavista2-300x225.jpg 300w, https:\/\/chungui.info\/chungui\/wp-content\/uploads\/2020\/04\/villavista2-1024x768.jpg 1024w, https:\/\/chungui.info\/chungui\/wp-content\/uploads\/2020\/04\/villavista2-768x576.jpg 768w, https:\/\/chungui.info\/chungui\/wp-content\/uploads\/2020\/04\/villavista2.jpg 1200w\" sizes=\"(max-width: 420px) 100vw, 420px\" \/><\/a><p id=\"caption-attachment-283\" class=\"wp-caption-text\">Villa Vista y el r\u00edo Apurimac (Foto: Moner Lizana)<\/p><\/div><\/td>\n<td style=\"width: 50%;\">\n<p><div id=\"attachment_284\" style=\"width: 430px\" class=\"wp-caption aligncenter\"><a href=\"https:\/\/chungui.info\/chungui\/wp-content\/uploads\/2020\/04\/villavista3.jpg\"><img aria-describedby=\"caption-attachment-284\" loading=\"lazy\" class=\"wp-image-284\" src=\"https:\/\/chungui.info\/chungui\/wp-content\/uploads\/2020\/04\/villavista3-300x225.jpg\" alt=\"\" width=\"420\" height=\"315\" srcset=\"https:\/\/chungui.info\/chungui\/wp-content\/uploads\/2020\/04\/villavista3-300x225.jpg 300w, https:\/\/chungui.info\/chungui\/wp-content\/uploads\/2020\/04\/villavista3-1024x768.jpg 1024w, https:\/\/chungui.info\/chungui\/wp-content\/uploads\/2020\/04\/villavista3-768x576.jpg 768w, https:\/\/chungui.info\/chungui\/wp-content\/uploads\/2020\/04\/villavista3.jpg 1200w\" sizes=\"(max-width: 420px) 100vw, 420px\" \/><\/a><p id=\"caption-attachment-284\" class=\"wp-caption-text\">Plantaci\u00f3n de pl\u00e1tanos en Villa Vista (Foto: Moner Lizana)<\/p><\/div><\/td>\n<\/tr>\n<\/tbody>\n<\/table>\n<p>&nbsp;<\/p>\n<p>&nbsp;<\/p>\n ","protected":false},"excerpt":{"rendered":"<p>La comunidad campesina de San Jos\u00e9 de Villa Vista fue creado mediante R.S.R. 027-92-GRLW\/SRAS-SR del 27 de agosto de 1992 y est\u00e1 inscrito en la ficha Nro. 0217 de los Registros Publicos de Ayacucho. Limita por el este con el distrito de Villa Virgen de Cusco a trav\u00e9s del r\u00edo Apurimac, por el norte y [&hellip;]<\/p>\n","protected":false},"author":1,"featured_media":0,"parent":22,"menu_order":4,"comment_status":"closed","ping_status":"closed","template":"","meta":[],"_links":{"self":[{"href":"https:\/\/chungui.info\/chungui\/wp-json\/wp\/v2\/pages\/177"}],"collection":[{"href":"https:\/\/chungui.info\/chungui\/wp-json\/wp\/v2\/pages"}],"about":[{"href":"https:\/\/chungui.info\/chungui\/wp-json\/wp\/v2\/types\/page"}],"author":[{"embeddable":true,"href":"https:\/\/chungui.info\/chungui\/wp-json\/wp\/v2\/users\/1"}],"replies":[{"embeddable":true,"href":"https:\/\/chungui.info\/chungui\/wp-json\/wp\/v2\/comments?post=177"}],"version-history":[{"count":7,"href":"https:\/\/chungui.info\/chungui\/wp-json\/wp\/v2\/pages\/177\/revisions"}],"predecessor-version":[{"id":287,"href":"https:\/\/chungui.info\/chungui\/wp-json\/wp\/v2\/pages\/177\/revisions\/287"}],"up":[{"embeddable":true,"href":"https:\/\/chungui.info\/chungui\/wp-json\/wp\/v2\/pages\/22"}],"wp:attachment":[{"href":"https:\/\/chungui.info\/chungui\/wp-json\/wp\/v2\/media?parent=177"}],"curies":[{"name":"wp","href":"https:\/\/api.w.org\/{rel}","templated":true}]}}