{"id":172,"date":"2020-03-19T04:28:21","date_gmt":"2020-03-19T04:28:21","guid":{"rendered":"https:\/\/chungui.info\/chungui\/?page_id=172"},"modified":"2022-07-18T00:22:44","modified_gmt":"2022-07-18T00:22:44","slug":"comunidad-campesina-belen-de-chapi","status":"publish","type":"page","link":"https:\/\/chungui.info\/chungui\/comunidades\/comunidad-campesina-belen-de-chapi\/","title":{"rendered":"Comunidad Campesina Bel\u00e9n Chapi"},"content":{"rendered":"<p>La Comunidad Campesina de Bel\u00e9n Chapi fue creado por por R.D. 0058-88-UAD-XVIII-A-RA\/AR del 18 de abril 1988 y est\u00e1 inscrita en la ficha Nro. 0259 de los Registros P\u00fablicos de Ayacucho. Es la comunidad m\u00e1s grande de la zon con un \u00e1rea aproximada de 380 kil\u00f3metros cuadrados, ocupa toda la extensi\u00f3n de la ex hacienda de Chapi abarcando desde el r\u00edo Apurimac hasta el r\u00edo Pampas.<\/p>\n<div id=\"attachment_362\" style=\"width: 460px\" class=\"wp-caption alignright\"><a href=\"https:\/\/chungui.info\/chungui\/wp-content\/uploads\/2020\/04\/Chapi_max2.jpg\"><img aria-describedby=\"caption-attachment-362\" loading=\"lazy\" class=\"wp-image-362\" src=\"https:\/\/chungui.info\/chungui\/wp-content\/uploads\/2020\/04\/Chapi_max2.jpg\" alt=\"Belen de Chapi\" width=\"450\" height=\"300\" srcset=\"https:\/\/chungui.info\/chungui\/wp-content\/uploads\/2020\/04\/Chapi_max2.jpg 960w, https:\/\/chungui.info\/chungui\/wp-content\/uploads\/2020\/04\/Chapi_max2-300x200.jpg 300w, https:\/\/chungui.info\/chungui\/wp-content\/uploads\/2020\/04\/Chapi_max2-768x512.jpg 768w\" sizes=\"(max-width: 450px) 100vw, 450px\" \/><\/a><p id=\"caption-attachment-362\" class=\"wp-caption-text\">Centro poblado Bel\u00e9n Chapi (Foto: Max Altamirano)<\/p><\/div>\n<p>La comunidad limita por el noreste con el r\u00edo Apurimac que es la divisoria con el provincia de La Conveci\u00f3n del departamento de Cusco, por el la comunidad de Huecchues, por el oeste con las comunidades de Sonccopa, Pallccas y Tastabamba, por el sur con la r\u00edo Pampas que es la divisoria con la provincia de Andahuaylas del despartamento de Apur\u00edmac y por el oeste con la comunidad privada de Ninabamba. El centro poblado principal donde estuvo ubicado la casa hacienda es Chapi, casi a las orillas del r\u00edo Apurimac a 1550 metros de altitud. Sin embargo actualmente el centro poblado de Oronccoy, ubicado a la vertiente del r\u00edo Pampas a 3700 metros de altitud, es la capital del distrito de Oronccoy que abarca a las comunidades de Belen Chapi, Tastabamba y Ninabamba con todos sus anexos.<\/p>\n<h3>Un poco de historia<\/h3>\n<p>La historia reciente de Chapi est\u00e1 marcada por dos hechos importantes: el nefasto dominio de la hacienda Chapi que concluy\u00f3 con el ajusticiamiento de los hacendados por el movimiento guerrillero de 1965 y el m\u00e1s reciente desangramiento en el conflicto armado interno de los a\u00f1os 80 que provoc\u00f3 el casi despoblamiento de la zona, al respecto del primer caso citamos las memorias de Hector B\u00e9jar, uno de los actores del suceso<sup id=\"footnote_plugin_tooltip_1\" class=\"footnote_plugin_tooltip_text\" onclick=\"footnote_moveToAnchor('footnote_plugin_reference_1');\">(1)<\/sup><span class=\"footnote_tooltip\" id=\"footnote_plugin_tooltip_text_1\">Per\u00fa 1965: Apuntes sobre una experiencia guerrillera, Hector Bejar, La Habana 1969.<\/span><script type=\"text\/javascript\">\tjQuery(\"#footnote_plugin_tooltip_1\").tooltip({\t\ttip: \"#footnote_plugin_tooltip_text_1\",\t\ttipClass: \"footnote_tooltip\",\t\teffect: \"fade\",\t\tfadeOutSpeed: 100,\t\tpredelay: 400,\t\tposition: \"top right\",\t\trelative: true,\t\toffset: [10, 10]\t});<\/script>:<\/p>\n<blockquote><p>Chapi, la hacienda m\u00e1s grande de la provincia, era tambi\u00e9n un semillero de descontentos y el centro de irradiaci\u00f3n de todos los abusos e intrigas contra los campesinos. Su extensi\u00f3n abarca gran parte de la provincia: desde los r\u00edos Pampas y Apur\u00edmac, las tierras de Chapi suben a la puna y bajan a las selvas. Para recorrerlas, hay que emplear varios d\u00edas a pie y en lomo de bestia.<\/p>\n<p>La ganader\u00eda y la producci\u00f3n de alcohol de ca\u00f1a sin rectificar son sus principales actividades. Est\u00e1 dividida en cuatro \u201cpagos\u00bb; cada \u201cpago\u00bb est\u00e1 obligado a servir en la hacienda, en la \u00e9poca del a\u00f1o que \u00e9sta fija. El trabajo no es retribuido con salarios, sino en alcohol y coca.<\/p>\n<p>Los Carrillo, due\u00f1os de la hacienda, se distingu\u00edan por su trato duro y despiadado.<\/p>\n<p>&#8230;&#8230;&#8230;<\/p>\n<p>La respuesta a las reclamaciones de los trabajadores a quienes los Carrillo obligaban a prestar servicios en forma gratuita, hab\u00eda sido siempre violenta. Los rebeldes eran colgados, azotados y encerrados con grilletes en la casa hacienda.<\/p>\n<p>En enero de 1963, Miguel Carrillo estrangul\u00f3 personalmente y luego degoll\u00f3 a Juli\u00e1n Huam\u00e1n, colono de Or\u00f3njoy, uno de los \u201cpagos\u00bb de la hacienda: \u00e9ste hab\u00eda cometido el atrevimiento de reclamarle un toro que Carrillo hab\u00eda vendido sin pertenecerle. No contento con eso, amenaz\u00f3 con hacer lo mismo a cualquier futuro quejoso.<\/p>\n<p>El crimen sublev\u00f3 a los campesinos. El 8 de enero de 1963, las mujeres de Oronjoy apresaron y ataron a Miguel Carrillo y lo condujeron sin hacerle ning\u00fan da\u00f1o adonde el juez de paz de Chungui, en cuyo despacho hicieron una larga lista de quejas.<\/p>\n<p>La reacci\u00f3n de los campesinos era, despu\u00e9s de todo, mesurada y serena. El documento que elaboraron en esa ocasi\u00f3n, constituye una de las piezas m\u00e1s ilustrativas sobre los abusos de los latifundistas y prueba contundente contra la conducta siniestra de los Carrillo.<\/p>\n<p>Entre otros innumerables abusos, acusaban a los Carrillo de haber violado a las siguientes campesinas: Ignacia Orihuela, Lorenza Balboa de Huam\u00e1n, Mercedes Pacheco de Huam\u00e1n, Rosa Santa Cruz de S\u00e1nchez, Evarista S\u00e1nchez de Cose, a la esposa y la hija menor del colono Emilio Contreras. Acusaban a Miguel Carrillo de haber maltratado, caus\u00e1ndole lesiones graves, a la se\u00f1ora Catalina Orihuela de Ccorahua y de haber robado el ganado vacuno y caballar de 10 colonos.<\/p>\n<p>Como es costumbre en estos casos, se inici\u00f3 un largo y tedioso expediente. A pesar de ser culpable de un homicidio perpetrado ante la presencia de numerosos testigos, Miguel Carrillo fue liberado inmediatamente y los quejosos fueron apresados \u201cpor atentar contra la libertad del se\u00f1or Carrillo\u00bb.<\/p>\n<p>R\u00e1pidamente empez\u00f3 a funcionar la maquinaria judicial en poder de los gamonales de la zona: los reclamantes fueron acusados del robo de 20 mil soles y encarcelados por cuatro a\u00f1os.<\/p>\n<p>Y as\u00ed, el 20 de diciembre de 1966, la Corte Superior de Ayacucho dict\u00f3 una incre\u00edble sentencia:<\/p>\n<p>.. todas estas acusaciones (asesinato, abusos, atropellos, N. del A.) no tienen ning\u00fan respaldo dentro del proceso y en nada desvirt\u00faan la comisi\u00f3n del delito contra la propiedad individual de que ha sido objeto el agraviado Carrillo Cazorla, as\u00ed como del robo de especies y v\u00edveres en su almac\u00e9n de Oronjoy y de lesiones&#8230;<\/p>\n<p>FALLAMOS: condenando a los acusados Basilio Huaman Ccorahua, Virginia Huam\u00e1n Berrocal y Mar- Celina Castro Ccaicuri, reos de los delitos contra la libertad individual, lesiones y robo de comestibles, en agravio de Miguel Carrillo Cazorla, al primero a la pena de seis meses de prisi\u00f3n en la c\u00e1rcel departamental de esta ciudad&#8230; a las dos \u00faltimas a la pena de seis meses de prisi\u00f3n con car\u00e1cter condicional y al pago de diez mil soles por concepto de reparaci\u00f3n civil, que pagar\u00e1n en forma solidaria con los ya sentenciados..<\/p>\n<p>Saturnino y Emeterio Huam\u00e1n, parientes de la victima permanecieron encarcelados durante varios a\u00f1os mientras el \u201cagraviado\u00bb Miguel Carrillo disfrutaba de libertad. Desde la prisi\u00f3n, manten\u00edan comunicaci\u00f3n con sus hermanos de sufrimiento, inst\u00e1ndolos a mantener la moral alta y a continuar resistiendo la opresi\u00f3n de los Carrillo.<\/p>\n<p>As\u00ed era la provincia de La Mar cuando llegaron los guerrilleros.<\/p><\/blockquote>\n<p>A ra\u00edz del ajusticiamiento del los hacendados de Chapi, los otros hacendados de Chungui vendieron o simplemente abandonaron sus haciendas haciendo posible la ocupaci\u00f3n de los campesinos quienes se posicionaron en base a la ley de Reforma Agraria de Juan Velasco Alvarado, conform\u00e1ndose la Comunidad Campesina de Chapi y otras comunidades.<\/p>\n<div id=\"attachment_365\" style=\"width: 360px\" class=\"wp-caption alignright\"><a href=\"https:\/\/chungui.info\/chungui\/wp-content\/uploads\/2020\/04\/Kutinachaka_Max1.jpg\"><img aria-describedby=\"caption-attachment-365\" loading=\"lazy\" class=\"wp-image-365\" src=\"https:\/\/chungui.info\/chungui\/wp-content\/uploads\/2020\/04\/Kutinachaka_Max1.jpg\" alt=\"Kutinachaka\" width=\"350\" height=\"525\" srcset=\"https:\/\/chungui.info\/chungui\/wp-content\/uploads\/2020\/04\/Kutinachaka_Max1.jpg 640w, https:\/\/chungui.info\/chungui\/wp-content\/uploads\/2020\/04\/Kutinachaka_Max1-200x300.jpg 200w\" sizes=\"(max-width: 350px) 100vw, 350px\" \/><\/a><p id=\"caption-attachment-365\" class=\"wp-caption-text\">Subida de Kutinachaka a Oronccoy (Foto: Max Altamirano)<\/p><\/div>\n<p>En la \u00e9poca del conflicto armado interno de los a\u00f1os 80, Chapi fue una zona devastada, puesto que fue considerada zona liberada supuestamente bajo dominio de Sendero Luminoso y en la que sus habitantes se encontraban en las llamadas \u00abretiradas\u00bb, en la pr\u00e1ctica era fugitivos en las condiciones m\u00e1s inhumanas, siendo asediados por el ej\u00e9rcito y los comit\u00e9s de autodefensa, habiendo sobrevivido pocos de ellos, quienes cambiaron el nombre de la comunidad al nombre actual de Bel\u00e9n Chapi.<\/p>\n<p><strong>Accesos:<\/strong> Si bien la comunidad se encuentra en una regi\u00f3n muy aislada, sobre todo por la presencia de los dos grandes r\u00edos, el r\u00edo Pampas y el r\u00edo Apurimac, antiguamente el \u00fanico acceso terrestre por herradura era desde Chungui v\u00eda Chup\u00f3n, actualmente la punta de carretera es Chup\u00f3n desde la cual el camino de herradura hasta Chapi es de un d\u00eda. Actualmente hay otros accesos: por herradura desde Torre v\u00eda Villa Aurora en la zona selva a Chapi. Por puentes peatonales sobre el r\u00edo Pampas desde el departamento de Apurimac, provincia de Andahuaylas, una por puente Kutinachaca a Oronnccoy, otra por puente Santa Rosa a Mollebamba y de all\u00ed a Oronccoy; otra desde Amaybamba, departamento de Cusco por el puente Pumachaka sobre el r\u00edo Apurimac.<\/p>\n<p><strong>Producci\u00f3n:<\/strong> Teniendo una diversidad geogr\u00e1fica desde orillas del r\u00edo Pampas a 1200 metros de altitud hasta 820 metros de altitud en las orillas del r\u00edo Apurimac, pasando por el pico Utarki de 4870 metros de altitud, la zona tiene una diversidad de productos desde frutas de quebrada y frutas de selva, tub\u00e9rculos como papa, olluco, oca, mashua, adem\u00e1s de ma\u00edz, habas, arvejas, etc. pero es famosa la producci\u00f3n de ca\u00f1a de az\u00facar, pues en la \u00e9poca de los hacendados se destilaba alcohol de calidad, y en las zonas medias se cultiva una variedad impresionante de frejoles. Adem\u00e1s en algunas zonas es abundante la ganader\u00eda vacuna y ovina.<\/p>\n<p><strong>Anexos, centros poblados y caser\u00edos<\/strong><\/p>\n<ul>\n<li>Chapi<\/li>\n<li>Oronccoy (Centro poblado y capital del distrito de Oronccoy)<\/li>\n<li>Chup\u00f3n<\/li>\n<li>Vacahuasi<\/li>\n<li>Huallhua<\/li>\n<li>Yerbabuena<a href=\"https:\/\/chungui.info\/chungui\/comunidades\/comunidad-campesina-belen-de-chapi\/yerbabuena\/\"> (leer m\u00e1s&#8230;)<\/a><\/li>\n<li>Chillihua<\/li>\n<li>Mandor<\/li>\n<li>Pumachaka<\/li>\n<li>Esmeralda de Pallqa<\/li>\n<li>Alto San Francisco<\/li>\n<li>Santa Carmen<\/li>\n<li>Occoro<\/li>\n<li>Almacorral<\/li>\n<li>Toqarway<\/li>\n<\/ul>\n <div class=\"footnote_container_prepare\">\t<p><span onclick=\"footnote_expand_reference_container();\">Referencias<\/span><span style=\"display: none;\">&nbsp;&nbsp;&nbsp;[ <a id=\"footnote_reference_container_collapse_button\" style=\"cursor:pointer;\" onclick=\"footnote_expand_collapse_reference_container();\">+<\/a> ]<\/span><\/p><\/div><div id=\"footnote_references_container\" style=\"\">\t<table class=\"footnote-reference-container\">\t\t<tbody>\t\t<tr>\t<td class=\"footnote_plugin_index\"><span id=\"footnote_plugin_reference_1\">1.<\/span><\/td>\t<td class=\"footnote_plugin_link\"><span onclick=\"footnote_moveToAnchor('footnote_plugin_tooltip_1');\">&#8657;<\/span><\/td>\t<td class=\"footnote_plugin_text\">Per\u00fa 1965: Apuntes sobre una experiencia guerrillera, Hector Bejar, La Habana 1969.<\/td><\/tr>\t\t<\/tbody>\t<\/table><\/div><script type=\"text\/javascript\">\tfunction footnote_expand_reference_container() {\t\tjQuery(\"#footnote_references_container\").show();        jQuery(\"#footnote_reference_container_collapse_button\").text(\"-\");\t}    function footnote_collapse_reference_container() {        jQuery(\"#footnote_references_container\").hide();        jQuery(\"#footnote_reference_container_collapse_button\").text(\"+\");    }\tfunction footnote_expand_collapse_reference_container() {\t\tif (jQuery(\"#footnote_references_container\").is(\":hidden\")) {            footnote_expand_reference_container();\t\t} else {            footnote_collapse_reference_container();\t\t}\t}    function footnote_moveToAnchor(p_str_TargetID) {        footnote_expand_reference_container();        var l_obj_Target = jQuery(\"#\" + p_str_TargetID);        if(l_obj_Target.length) {            jQuery('html, body').animate({                scrollTop: l_obj_Target.offset().top - window.innerHeight\/2            }, 1000);        }    }<\/script>","protected":false},"excerpt":{"rendered":"<p>La Comunidad Campesina de Bel\u00e9n Chapi fue creado por por R.D. 0058-88-UAD-XVIII-A-RA\/AR del 18 de abril 1988 y est\u00e1 inscrita en la ficha Nro. 0259 de los Registros P\u00fablicos de Ayacucho. Es la comunidad m\u00e1s grande de la zon con un \u00e1rea aproximada de 380 kil\u00f3metros cuadrados, ocupa toda la extensi\u00f3n de la ex hacienda [&hellip;]<\/p>\n","protected":false},"author":1,"featured_media":0,"parent":22,"menu_order":9,"comment_status":"closed","ping_status":"closed","template":"","meta":[],"_links":{"self":[{"href":"https:\/\/chungui.info\/chungui\/wp-json\/wp\/v2\/pages\/172"}],"collection":[{"href":"https:\/\/chungui.info\/chungui\/wp-json\/wp\/v2\/pages"}],"about":[{"href":"https:\/\/chungui.info\/chungui\/wp-json\/wp\/v2\/types\/page"}],"author":[{"embeddable":true,"href":"https:\/\/chungui.info\/chungui\/wp-json\/wp\/v2\/users\/1"}],"replies":[{"embeddable":true,"href":"https:\/\/chungui.info\/chungui\/wp-json\/wp\/v2\/comments?post=172"}],"version-history":[{"count":12,"href":"https:\/\/chungui.info\/chungui\/wp-json\/wp\/v2\/pages\/172\/revisions"}],"predecessor-version":[{"id":535,"href":"https:\/\/chungui.info\/chungui\/wp-json\/wp\/v2\/pages\/172\/revisions\/535"}],"up":[{"embeddable":true,"href":"https:\/\/chungui.info\/chungui\/wp-json\/wp\/v2\/pages\/22"}],"wp:attachment":[{"href":"https:\/\/chungui.info\/chungui\/wp-json\/wp\/v2\/media?parent=172"}],"curies":[{"name":"wp","href":"https:\/\/api.w.org\/{rel}","templated":true}]}}